{"id":215,"date":"2018-05-01T10:00:50","date_gmt":"2018-05-01T10:00:50","guid":{"rendered":"http:\/\/rarathemesdemo.com\/rara-business\/?page_id=215"},"modified":"2018-05-01T10:00:50","modified_gmt":"2018-05-01T10:00:50","slug":"pages","status":"publish","type":"page","link":"https:\/\/ry.com.tr\/index.php\/pages\/","title":{"rendered":"Pages"},"content":{"rendered":"<p>One of my friends owns a meal prep delivery service called Bite that ships over 12,000 meals a week to hungry athletes, body builders, health nuts and busy young professionals.<\/p>\n<p>A few days back, he shared with me that his startup was currently in the midst of redesigning their website. At first, I wasn\u2019t too surprised. After all, brands redesign their websites constantly. But, when he told me the price he was paying for the redesign\u2026 my jaw dropped.<\/p>\n<p>While I am not going to disclose the number publicly, let\u2019s just say it has a handful of zeros. I think he could tell I was a bit taken aback, and before I could speak up to give my two cents (pun intended), he explained his reasoning behind the large investment.<\/p>\n<p>Paragraph Text Size: 20pt, Font Family: Lato Light, Color: #4a4a4a, Link Color: <a href=\"file:\/\/\/D:\/rara-corporate-20180403T090440Z-001\/rara-corporate\/single-post-full-width.html#\">#0aa3f3<\/a>. This is <em>emphasized<\/em> (That\u2019s a citation). <strong>bold<\/strong> text <abbr title=\"Hypertext Markup Language\">Html<\/abbr> (abbr) and <abbr title=\"Cascading Stylesheet\">CSS<\/abbr> are our tools. This text has been struck.<\/p>\n<figure class=\"wp-caption alignleft\"><img loading=\"lazy\" decoding=\"async\" class=\"alignnone size-medium wp-image-165\" src=\"http:\/\/rarathemesdemo.com\/rara-business\/wp-content\/uploads\/sites\/52\/2018\/05\/wood-house-window-glass-green-color-1409022-pxhere.com1_-300x267.jpg\" alt=\"\" width=\"300\" height=\"267\" srcset=\"https:\/\/ry.com.tr\/wp-content\/uploads\/2018\/05\/wood-house-window-glass-green-color-1409022-pxhere.com1_-300x267.jpg 300w, https:\/\/ry.com.tr\/wp-content\/uploads\/2018\/05\/wood-house-window-glass-green-color-1409022-pxhere.com1_-1024x911.jpg 1024w, https:\/\/ry.com.tr\/wp-content\/uploads\/2018\/05\/wood-house-window-glass-green-color-1409022-pxhere.com1_-768x683.jpg 768w, https:\/\/ry.com.tr\/wp-content\/uploads\/2018\/05\/wood-house-window-glass-green-color-1409022-pxhere.com1_-67x60.jpg 67w, https:\/\/ry.com.tr\/wp-content\/uploads\/2018\/05\/wood-house-window-glass-green-color-1409022-pxhere.com1_.jpg 1214w\" sizes=\"auto, (max-width: 300px) 100vw, 300px\" \/><figcaption class=\"wp-caption-text\">User Using iPhone X<\/figcaption><\/figure>\n<p>Now, before we continue, take a moment to think about what this young entrepreneur said. If you have to, read through the above excerpt again ipsum dolor sit amet, consectetur adipisicing elit, sed do eiusmod tempor incididunt ut labore et dolore magna aliqua. Ut enim ad minim veniam. et dolore magna aliqua. Ut enim ad. Ut enim ad<\/p>\n<p>Ut enim ad minim veniam, quis nostrud exercitation ullamco laboris nisi ut aliquip ex ea commodo consequat. Duis aute irure dolor in reprehenderit in voluptate velit esse cillum dolore eu fugiat nulla pariatur. Excepteur sint occaecat cupidatat non proident, sunt in culpa qui officia deserunt mollit anim id est laborum. Sed ut perspiciatis unde.<\/p>\n<h1>Heading 1<\/h1>\n<p>Ut enim ad minim veniam, quis nostrud exercitation ullamco laboris nisi ut aliquip ex ea commodo consequat. Duis aute irure dolor.<\/p>\n<h2>Heading 2<\/h2>\n<p>Ut enim ad minim veniam, quis nostrud exercitation ullamco laboris nisi ut aliquip ex ea commodo consequat. Duis aute irure dolor.<\/p>\n<h3>Heading 3<\/h3>\n<p>Ut enim ad minim veniam, quis nostrud exercitation ullamco laboris nisi ut aliquip ex ea commodo consequat. Duis aute irure dolor.<\/p>\n<h4>Heading 4<\/h4>\n<p>Ut enim ad minim veniam, quis nostrud exercitation ullamco laboris nisi ut aliquip ex ea commodo consequat. Duis aute irure dolor.<\/p>\n<h5>Heading 5<\/h5>\n<p>Ut enim ad minim veniam, quis nostrud exercitation ullamco laboris nisi ut aliquip ex ea commodo consequat. Duis aute irure dolor.<\/p>\n<h6>Heading 6<\/h6>\n<p>Ut enim ad minim veniam, quis nostrud exercitation ullamco laboris nisi ut aliquip ex ea commodo consequat. Duis aute irure dolor.<\/p>\n<blockquote><p>\u201cOne of my friends owns a meal prep delivery service called Bite that ships over 12,000 meals a week to hungry athletes, body builders, health nuts and busy young professionals.\u201d<\/p><\/blockquote>\n<p>One of my friends owns a meal prep delivery service called Bite that ships over 12,000 meals a week to hungry athletes, body builders, health nuts and busy young professionals.<\/p>\n<p><span class=\"pull-right\">\u201cOne of my friends owns a meal prep delivery service called Bite that ships over 12,000 meals a week to hungry athletes, body builders, health nuts and busy young professionals.\u201d<\/span><\/p>\n<p>A few days back, he shared with me that his startup was currently in the midst of redesigning their website. At first, I wasn\u2019t too surprised. After all, brands redesign their websites constantly. But, when he told me the price he was paying for the redesign\u2026 my jaw dropped.<\/p>\n<p>While I am not going to disclose the number publicly, let\u2019s just say it has a handful of zeros. I think he could tell I was a bit taken aback, and before I could speak up to give my two cents (pun intended), he explained his reasoning behind the large investment.<\/p>\n<p>To use the highlight, you simply need to <span class=\"highlight\">add a span with the class highlight<\/span>. This can be done in the Text editor view.<\/p>\n<ol>\n<li>Website Design<\/li>\n<li>Marketing Strategy<\/li>\n<li>Illustration<\/li>\n<\/ol>\n<ul>\n<li>Website Design<\/li>\n<li>Marketing Strategy<\/li>\n<li>Illustration<\/li>\n<\/ul>\n<h3>Table Style<\/h3>\n<p>Ut enim ad minim veniam, quis nostrud exercitation ullamco laboris nisi ut aliquip ex ea commodo consequat. Duis aute irure dolor.<\/p>\n<table>\n<thead>\n<tr>\n<th>Header 1<\/th>\n<th>Header 2<\/th>\n<th>Header 3<\/th>\n<th>Header 4<\/th>\n<\/tr>\n<\/thead>\n<tbody>\n<tr>\n<td>Division 1<\/td>\n<td>Division 2<\/td>\n<td>Division 3<\/td>\n<td>Division 4<\/td>\n<\/tr>\n<tr>\n<td>Division 1<\/td>\n<td>Division 2<\/td>\n<td>Division 3<\/td>\n<td>Division 4<\/td>\n<\/tr>\n<tr>\n<td>Division 1<\/td>\n<td>Division 2<\/td>\n<td>Division 3<\/td>\n<td>Division 4<\/td>\n<\/tr>\n<tr>\n<td>Division 1<\/td>\n<td>Division 2<\/td>\n<td>Division 3<\/td>\n<td>Division 4<\/td>\n<\/tr>\n<\/tbody>\n<\/table>\n<p>Aliquam convallis neque vitae diam. In diam. Cum sociis natoque penatibus et magnis dis parturient montes, nascetur ridiculus mus. Duis fermentum arcu in tortor. Sed nibh leo, rhoncus eu, fermentum et, scelerisque ac, massa. Cras id turpis. Etiam commodo sem luctus lorem. Morbi at mi. In rutrum. Aenean luctus pede euismod tortor. Phasellus dictum. Cras neque justo, venenatis sit amet, tristique et, vulputate in, dui. Etiam sed mi gravida sapien imperdiet dictum. Aliquam gravida orci a tortor. Donec tempor. Vestibulum ante ipsum primis in faucibus orci luctus et ultrices posuere cubilia Curae; Vivamus risus ante, pellentesque vitae, luctus eget, scelerisque sed, libero. Donec massa.<\/p>\n<h2>\u0540\u0561\u0575\u0565\u0580\u0565\u0576<\/h2>\n<p>Lorem Ipsum-\u0568 \u057f\u057a\u0561\u0563\u0580\u0578\u0582\u0569\u0575\u0561\u0576 \u0587 \u057f\u057a\u0561\u0563\u0580\u0561\u056f\u0561\u0576 \u0561\u0580\u0564\u0575\u0578\u0582\u0576\u0561\u0562\u0565\u0580\u0578\u0582\u0569\u0575\u0561\u0576 \u0570\u0561\u0574\u0561\u0580 \u0576\u0561\u056d\u0561\u057f\u0565\u057d\u057e\u0561\u056e \u0574\u0578\u0564\u0565\u056c\u0561\u0575\u056b\u0576 \u057f\u0565\u0584\u057d\u057f \u0567: \u054d\u056f\u057d\u0561\u056e 1500-\u0561\u056f\u0561\u0576\u0576\u0565\u0580\u056b\u0581` Lorem Ipsum-\u0568 \u0570\u0561\u0576\u0564\u056b\u057d\u0561\u0581\u0565\u056c \u0567 \u057f\u057a\u0561\u0563\u0580\u0561\u056f\u0561\u0576 \u0561\u0580\u0564\u0575\u0578\u0582\u0576\u0561\u0562\u0565\u0580\u0578\u0582\u0569\u0575\u0561\u0576 \u057d\u057f\u0561\u0576\u0564\u0561\u0580\u057f \u0574\u0578\u0564\u0565\u056c\u0561\u0575\u056b\u0576 \u057f\u0565\u0584\u057d\u057f, \u056b\u0576\u0579\u0568 \u0574\u056b \u0561\u0576\u0570\u0561\u0575\u057f \u057f\u057a\u0561\u0563\u0580\u056b\u0579\u056b \u056f\u0578\u0572\u0574\u056b\u0581 \u057f\u0561\u0580\u0562\u0565\u0580 \u057f\u0561\u057c\u0561\u057f\u0565\u057d\u0561\u056f\u0576\u0565\u0580\u056b \u0585\u0580\u056b\u0576\u0561\u056f\u0576\u0565\u0580\u056b \u0563\u056b\u0580\u0584 \u057d\u057f\u0565\u0572\u056e\u0565\u056c\u0578\u0582 \u057b\u0561\u0576\u0584\u0565\u0580\u056b \u0561\u0580\u0564\u0575\u0578\u0582\u0576\u0584 \u0567: \u0531\u0575\u057d \u057f\u0565\u0584\u057d\u057f\u0568 \u0578\u0579 \u0574\u056b\u0561\u0575\u0576 \u056f\u0561\u0580\u0578\u0572\u0561\u0581\u0565\u056c \u0567 \u0563\u0578\u0575\u0561\u057f\u0587\u0565\u056c \u0570\u056b\u0576\u0563 \u0564\u0561\u0580\u0561\u0577\u0580\u057b\u0561\u0576, \u0561\u0575\u056c\u0587 \u0576\u0565\u0580\u0561\u057c\u057e\u0565\u056c \u0567 \u0567\u056c\u0565\u056f\u057f\u0580\u0578\u0576\u0561\u0575\u056b\u0576 \u057f\u057a\u0561\u0563\u0580\u0578\u0582\u0569\u0575\u0561\u0576 \u0574\u0565\u057b` \u0574\u0576\u0561\u056c\u0578\u057e \u0567\u0561\u057a\u0565\u057d \u0561\u0576\u0583\u0578\u0583\u0578\u056d: \u0531\u0575\u0576 \u0570\u0561\u0575\u057f\u0576\u056b \u0567 \u0564\u0561\u0580\u0571\u0565\u056c 1960-\u0561\u056f\u0561\u0576\u0576\u0565\u0580\u056b\u0576 Lorem Ipsum \u0562\u0578\u057e\u0561\u0576\u0564\u0561\u056f\u0578\u0572 Letraset \u0567\u057b\u0565\u0580\u056b \u0569\u0578\u0572\u0561\u0580\u056f\u0574\u0561\u0576 \u0561\u0580\u0564\u0575\u0578\u0582\u0576\u0584\u0578\u0582\u0574, \u056b\u057d\u056f \u0561\u057e\u0565\u056c\u056b \u0578\u0582\u0577 \u0570\u0561\u0574\u0561\u056f\u0561\u0580\u0563\u0579\u0561\u0575\u056b\u0576 \u057f\u057a\u0561\u0563\u0580\u0578\u0582\u0569\u0575\u0561\u0576 \u0561\u0575\u0576\u057a\u056b\u057d\u056b \u056e\u0580\u0561\u0563\u0580\u0565\u0580\u056b \u0569\u0578\u0572\u0561\u0580\u056f\u0574\u0561\u0576 \u0570\u0565\u057f\u0587\u0561\u0576\u0584\u0578\u057e, \u056b\u0576\u0579\u057a\u056b\u057d\u056b\u0576 \u0567 Aldus PageMaker-\u0568, \u0578\u0580\u0568 \u0576\u0565\u0580\u0561\u057c\u0578\u0582\u0574 \u0567 Lorem Ipsum-\u056b \u057f\u0561\u0580\u0561\u057f\u0565\u057d\u0561\u056f\u0576\u0565\u0580:<\/p>\n<h2>\u0411\u044a\u043b\u0433\u0430\u0440\u0441\u043a\u0438<\/h2>\n<p>Lorem Ipsum \u0435 \u0435\u043b\u0435\u043c\u0435\u043d\u0442\u0430\u0440\u0435\u043d \u043f\u0440\u0438\u043c\u0435\u0440\u0435\u043d \u0442\u0435\u043a\u0441\u0442, \u0438\u0437\u043f\u043e\u043b\u0437\u0432\u0430\u043d \u0432 \u043f\u0435\u0447\u0430\u0442\u0430\u0440\u0441\u043a\u0430\u0442\u0430 \u0438 \u0442\u0438\u043f\u043e\u0433\u0440\u0430\u0444\u0441\u043a\u0430\u0442\u0430 \u0438\u043d\u0434\u0443\u0441\u0442\u0440\u0438\u044f. Lorem Ipsum \u0435 \u0438\u043d\u0434\u0443\u0441\u0442\u0440\u0438\u0430\u043b\u0435\u043d \u0441\u0442\u0430\u043d\u0434\u0430\u0440\u0442 \u043e\u0442 \u043e\u043a\u043e\u043b\u043e 1500 \u0433\u043e\u0434\u0438\u043d\u0430, \u043a\u043e\u0433\u0430\u0442\u043e \u043d\u0435\u0438\u0437\u0432\u0435\u0441\u0442\u0435\u043d \u043f\u0435\u0447\u0430\u0442\u0430\u0440 \u0432\u0437\u0435\u043c\u0430 \u043d\u044f\u043a\u043e\u043b\u043a\u043e \u043f\u0435\u0447\u0430\u0442\u0430\u0440\u0441\u043a\u0438 \u0431\u0443\u043a\u0432\u0438 \u0438 \u0433\u0438 \u0440\u0430\u0437\u0431\u044a\u0440\u043a\u0432\u0430, \u0437\u0430 \u0434\u0430 \u043d\u0430\u043f\u0435\u0447\u0430\u0442\u0430 \u0441 \u0442\u044f\u0445 \u043a\u043d\u0438\u0433\u0430 \u0441 \u043f\u0440\u0438\u043c\u0435\u0440\u043d\u0438 \u0448\u0440\u0438\u0444\u0442\u043e\u0432\u0435. \u0422\u043e\u0437\u0438 \u043d\u0430\u0447\u0438\u043d \u043d\u0435 \u0441\u0430\u043c\u043e \u0435 \u043e\u0446\u0435\u043b\u044f\u043b \u043f\u043e\u0432\u0435\u0447\u0435 \u043e\u0442 5 \u0432\u0435\u043a\u0430, \u043d\u043e \u0435 \u043d\u0430\u0432\u043b\u044f\u0437\u044a\u043b \u0438 \u0432 \u043f\u0443\u0431\u043b\u0438\u043a\u0443\u0432\u0430\u043d\u0435\u0442\u043e \u043d\u0430 \u0435\u043b\u0435\u043a\u0442\u0440\u043e\u043d\u043d\u0438 \u0438\u0437\u0434\u0430\u043d\u0438\u044f \u043a\u0430\u0442\u043e \u0435 \u0437\u0430\u043f\u0430\u0437\u0435\u043d \u043f\u043e\u0447\u0442\u0438 \u0431\u0435\u0437 \u043f\u0440\u043e\u043c\u044f\u043d\u0430. \u041f\u043e\u043f\u0443\u043b\u044f\u0440\u0438\u0437\u0438\u0440\u0430\u043d \u0435 \u043f\u0440\u0435\u0437 60\u0442\u0435 \u0433\u043e\u0434\u0438\u043d\u0438 \u043d\u0430 20\u0442\u0438 \u0432\u0435\u043a \u0441\u044a\u0441 \u0438\u0437\u0434\u0430\u0432\u0430\u043d\u0435\u0442\u043e \u043d\u0430 Letraset \u043b\u0438\u0441\u0442\u0438, \u0441\u044a\u0434\u044a\u0440\u0436\u0430\u0449\u0438 Lorem Ipsum \u043f\u0430\u0441\u0430\u0436\u0438, \u043f\u043e\u043f\u0443\u043b\u044f\u0440\u0435\u043d \u0435 \u0438 \u0432 \u043d\u0430\u0448\u0438 \u0434\u043d\u0438 \u0432\u044a\u0432 \u0441\u043e\u0444\u0442\u0443\u0435\u0440 \u0437\u0430 \u043f\u0435\u0447\u0430\u0442\u043d\u0438 \u0438\u0437\u0434\u0430\u043d\u0438\u044f \u043a\u0430\u0442\u043e Aldus PageMaker, \u043a\u043e\u0439\u0442\u043e \u0432\u043a\u043b\u044e\u0447\u0432\u0430 \u0440\u0430\u0437\u043b\u0438\u0447\u043d\u0438 \u0432\u0435\u0440\u0441\u0438\u0438 \u043d\u0430 Lorem Ipsum.<\/p>\n<h2>Catal\u00e0<\/h2>\n<p>Lorem Ipsum \u00e9s un text de farciment usat per la ind\u00fastria de la tipografia i la impremta. Lorem Ipsum ha estat el text est\u00e0ndard de la ind\u00fastria des de l\u2019any 1500, quan un impressor desconegut va fer servir una galerada de text i la va mesclar per crear un llibre de mostres tipogr\u00e0fiques. No nom\u00e9s ha sobreviscut cinc segles, sin\u00f3 que ha fet el salt cap a la creaci\u00f3 de tipus de lletra electr\u00f2nics, romanent essencialment sense canvis. Es va popularitzar l\u2019any 1960 amb el llan\u00e7ament de fulls Letraset que contenien passatges de Lorem Ipsum, i m\u00e9s recentment amb programari d\u2019autoedici\u00f3 com Aldus Pagemaker que inclou versions de Lorem Ipsum.<\/p>\n<h2>Hrvatski<\/h2>\n<p>Lorem Ipsum je jednostavno probni tekst koji se koristi u tiskarskoj i slovoslagarskoj industriji. Lorem Ipsum postoji kao industrijski standard jo\u0161 od 16-og stolje\u0107a, kada je nepoznati tiskar uzeo tiskarsku galiju slova i poslo\u017eio ih da bi napravio knjigu s uzorkom tiska. Taj je tekst ne samo pre\u017eivio pet stolje\u0107a, ve\u0107 se i vinuo u svijet elektronskog slovoslagarstva, ostaju\u0107i u su\u0161tini nepromijenjen. Postao je popularan tijekom 1960-ih s pojavom Letraset listova s odlomcima Lorem Ipsum-a, a u skorije vrijeme sa software-om za stolno izdava\u0161tvo kao \u0161to je Aldus PageMaker koji tako\u0111er sadr\u017ei varijante Lorem Ipsum-a.<\/p>\n<h2>\u010cesky<\/h2>\n<p>Lorem Ipsum je demonstrativn\u00ed v\u00fdpl\u0148ov\u00fd text pou\u017e\u00edvan\u00fd v tiska\u0159sk\u00e9m a kniha\u0159sk\u00e9m pr\u016fmyslu. Lorem Ipsum je pova\u017eov\u00e1no za standard v t\u00e9to oblasti u\u017e od za\u010d\u00e1tku 16. stolet\u00ed, kdy dnes nezn\u00e1m\u00fd tiska\u0159 vzal kusy textu a na jejich z\u00e1klad\u011b vytvo\u0159il speci\u00e1ln\u00ed vzorovou knihu. Jeho odkaz nevydr\u017eel pouze p\u011bt stolet\u00ed, on p\u0159e\u017eil i n\u00e1stup elektronick\u00e9 sazby v podstat\u011b beze zm\u011bny. Nejv\u00edce popularizov\u00e1no bylo Lorem Ipsum v \u0161edes\u00e1t\u00fdch letech 20. stolet\u00ed, kdy byly vyd\u00e1v\u00e1ny speci\u00e1ln\u00ed vzorn\u00edky s jeho pas\u00e1\u017eemi a pozd\u011bji pak d\u00edky po\u010d\u00edta\u010dov\u00fdm DTP program\u016fm jako Aldus PageMaker.<\/p>\n<h2>Rom\u00e2na<\/h2>\n<p>Lorem Ipsum este pur \u015fi simplu o machet\u0103 pentru text a industriei tipografice. Lorem Ipsum a fost macheta standard a industriei \u00eenc\u0103 din secolul al XVI-lea, c\u00e2nd un tipograf anonim a luat o plan\u015fet\u0103 de litere \u015fi le-a amestecat pentru a crea o carte demonstrativ\u0103 pentru literele respective. Nu doar c\u0103 a supravie\u0163uit timp de cinci secole, dar \u015fi a facut saltul \u00een tipografia electronic\u0103 practic neschimbat\u0103. A fost popularizat\u0103 \u00een anii \u201960 odat\u0103 cu ie\u015firea colilor Letraset care con\u0163ineau pasaje Lorem Ipsum, iar mai recent, prin programele de publicare pentru calculator, ca Aldus PageMaker care includeau versiuni de Lorem Ipsum.<\/p>\n<h2>\u0421\u0440\u043f\u0441\u043a\u0438<\/h2>\n<p>Lorem Ipsum \u0458\u0435 \u0458\u0435\u0434\u043d\u043e\u0441\u0442\u0430\u0432\u043d\u043e \u043c\u043e\u0434\u0435\u043b \u0442\u0435\u043a\u0441\u0442\u0430 \u043a\u043e\u0458\u0438 \u0441\u0435 \u043a\u043e\u0440\u0438\u0441\u0442\u0438 \u0443 \u0448\u0442\u0430\u043c\u043f\u0430\u0440\u0441\u043a\u043e\u0458 \u0438 \u0441\u043b\u043e\u0432\u043e\u0441\u043b\u0430\u0433\u0430\u0447\u043a\u043e\u0458 \u0438\u043d\u0434\u0443\u0441\u0442\u0440\u0438\u0458\u0438. Lorem ipsum \u0458\u0435 \u0431\u0438\u043e \u0441\u0442\u0430\u043d\u0434\u0430\u0440\u0434 \u0437\u0430 \u043c\u043e\u0434\u0435\u043b \u0442\u0435\u043a\u0441\u0442\u0430 \u0458\u043e\u0448 \u043e\u0434 1500. \u0433\u043e\u0434\u0438\u043d\u0435, \u043a\u0430\u0434\u0430 \u0458\u0435 \u043d\u0435\u043f\u043e\u0437\u043d\u0430\u0442\u0438 \u0448\u0442\u0430\u043c\u043f\u0430\u0440 \u0443\u0437\u0435\u043e \u043a\u0443\u0442\u0438\u0458\u0443 \u0441\u0430 \u0441\u043b\u043e\u0432\u0438\u043c\u0430 \u0438 \u0441\u043b\u043e\u0436\u0438\u043e \u0438\u0445 \u043a\u0430\u043a\u043e \u0431\u0438 \u043d\u0430\u043f\u0440\u0430\u0432\u0438\u043e \u0443\u0437\u043e\u0440\u0430\u043a \u043a\u045a\u0438\u0433\u0435. \u041d\u0435 \u0441\u0430\u043c\u043e \u0448\u0442\u043e \u0458\u0435 \u043e\u0432\u0430\u0458 \u043c\u043e\u0434\u0435\u043b \u043e\u043f\u0441\u0442\u0430\u043e \u043f\u0435\u0442 \u0432\u0435\u043a\u043e\u0432\u0430, \u043d\u0435\u0433\u043e \u0458\u0435 \u0447\u0430\u043a \u043f\u043e\u0447\u0435\u043e \u0434\u0430 \u0441\u0435 \u043a\u043e\u0440\u0438\u0441\u0442\u0438 \u0438 \u0443 \u0435\u043b\u0435\u043a\u0442\u0440\u043e\u043d\u0441\u043a\u0438\u043c \u043c\u0435\u0434\u0438\u0458\u0438\u043c\u0430, \u043d\u0435\u043f\u0440\u043e\u043c\u0435\u043d\u0438\u0432\u0448\u0438 \u0441\u0435. \u041f\u043e\u043f\u0443\u043b\u0430\u0440\u0438\u0437\u043e\u0432\u0430\u043d \u0458\u0435 \u0448\u0435\u0437\u0434\u0435\u0441\u0435\u0442\u0438\u0445 \u0433\u043e\u0434\u0438\u043d\u0430 \u0434\u0432\u0430\u0434\u0435\u0441\u0435\u0442\u043e\u0433 \u0432\u0435\u043a\u0430 \u0437\u0430\u0458\u0435\u0434\u043d\u043e \u0441\u0430 \u043b\u0438\u0441\u0442\u043e\u0432\u0438\u043c\u0430 \u043b\u0435\u0442\u0435\u0440\u0441\u0435\u0442\u0430 \u043a\u043e\u0458\u0438 \u0441\u0443 \u0441\u0430\u0434\u0440\u0436\u0430\u043b\u0438 Lorem Ipsum \u043f\u0430\u0441\u0443\u0441\u0435, \u0430 \u0434\u0430\u043d\u0430\u0441 \u0441\u0430 \u0441\u043e\u0444\u0442\u0432\u0435\u0440\u0441\u043a\u0438\u043c \u043f\u0430\u043a\u0435\u0442\u043e\u043c \u0437\u0430 \u043f\u0440\u0435\u043b\u043e\u043c \u043a\u0430\u043e \u0448\u0442\u043e \u0458\u0435 Aldus PageMaker \u043a\u043e\u0458\u0438 \u0458\u0435 \u0441\u0430\u0434\u0440\u0436\u0430\u043e Lorem Ipsum \u0432\u0435\u0440\u0437\u0438\u0458\u0435.<\/p>\n","protected":false},"excerpt":{"rendered":"<p>One of my friends owns a meal prep delivery service called Bite that ships over 12,000 meals a week to hungry athletes, body builders, health nuts and busy young professionals. A few days back, he shared with me that his startup was currently in the midst of redesigning their website. At first, I wasn\u2019t too &hellip; <\/p>\n","protected":false},"author":1,"featured_media":191,"parent":0,"menu_order":0,"comment_status":"closed","ping_status":"closed","template":"","meta":{"footnotes":""},"class_list":["post-215","page","type-page","status-publish","has-post-thumbnail","hentry"],"yoast_head":"<!-- This site is optimized with the Yoast SEO plugin v19.0 - https:\/\/yoast.com\/wordpress\/plugins\/seo\/ -->\n<title>Pages - RY<\/title>\n<meta name=\"robots\" content=\"index, follow, max-snippet:-1, max-image-preview:large, max-video-preview:-1\" \/>\n<link rel=\"canonical\" href=\"https:\/\/ry.com.tr\/index.php\/pages\/\" \/>\n<meta property=\"og:locale\" content=\"tr_TR\" \/>\n<meta property=\"og:type\" content=\"article\" \/>\n<meta property=\"og:title\" content=\"Pages - RY\" \/>\n<meta property=\"og:description\" content=\"One of my friends owns a meal prep delivery service called Bite that ships over 12,000 meals a week to hungry athletes, body builders, health nuts and busy young professionals. A few days back, he shared with me that his startup was currently in the midst of redesigning their website. At first, I wasn\u2019t too &hellip;\" \/>\n<meta property=\"og:url\" content=\"https:\/\/ry.com.tr\/index.php\/pages\/\" \/>\n<meta property=\"og:site_name\" content=\"RY\" \/>\n<meta property=\"og:image\" content=\"http:\/\/rarathemesdemo.com\/rara-business\/wp-content\/uploads\/sites\/52\/2018\/05\/wood-house-window-glass-green-color-1409022-pxhere.com1_-300x267.jpg\" \/>\n<meta name=\"twitter:card\" content=\"summary_large_image\" \/>\n<meta name=\"twitter:label1\" content=\"Tahmini okuma s\u00fcresi\" \/>\n\t<meta name=\"twitter:data1\" content=\"6 dakika\" \/>\n<script type=\"application\/ld+json\" class=\"yoast-schema-graph\">{\"@context\":\"https:\/\/schema.org\",\"@graph\":[{\"@type\":\"WebSite\",\"@id\":\"https:\/\/ry.com.tr\/#website\",\"url\":\"https:\/\/ry.com.tr\/\",\"name\":\"RY\",\"description\":\"Uluslararas\u0131 Ta\u015f\u0131mac\u0131l\u0131k &amp; D\u0131\u015f Ticaret\",\"potentialAction\":[{\"@type\":\"SearchAction\",\"target\":{\"@type\":\"EntryPoint\",\"urlTemplate\":\"https:\/\/ry.com.tr\/?s={search_term_string}\"},\"query-input\":\"required name=search_term_string\"}],\"inLanguage\":\"tr\"},{\"@type\":\"ImageObject\",\"inLanguage\":\"tr\",\"@id\":\"https:\/\/ry.com.tr\/index.php\/pages\/#primaryimage\",\"url\":\"https:\/\/ry.com.tr\/wp-content\/uploads\/2018\/05\/season-1985856_192011.jpg\",\"contentUrl\":\"https:\/\/ry.com.tr\/wp-content\/uploads\/2018\/05\/season-1985856_192011.jpg\",\"width\":1920,\"height\":1373},{\"@type\":\"WebPage\",\"@id\":\"https:\/\/ry.com.tr\/index.php\/pages\/#webpage\",\"url\":\"https:\/\/ry.com.tr\/index.php\/pages\/\",\"name\":\"Pages - RY\",\"isPartOf\":{\"@id\":\"https:\/\/ry.com.tr\/#website\"},\"primaryImageOfPage\":{\"@id\":\"https:\/\/ry.com.tr\/index.php\/pages\/#primaryimage\"},\"datePublished\":\"2018-05-01T10:00:50+00:00\",\"dateModified\":\"2018-05-01T10:00:50+00:00\",\"breadcrumb\":{\"@id\":\"https:\/\/ry.com.tr\/index.php\/pages\/#breadcrumb\"},\"inLanguage\":\"tr\",\"potentialAction\":[{\"@type\":\"ReadAction\",\"target\":[\"https:\/\/ry.com.tr\/index.php\/pages\/\"]}]},{\"@type\":\"BreadcrumbList\",\"@id\":\"https:\/\/ry.com.tr\/index.php\/pages\/#breadcrumb\",\"itemListElement\":[{\"@type\":\"ListItem\",\"position\":1,\"name\":\"Anasayfa\",\"item\":\"https:\/\/ry.com.tr\/\"},{\"@type\":\"ListItem\",\"position\":2,\"name\":\"Pages\"}]}]}<\/script>\n<!-- \/ Yoast SEO plugin. -->","yoast_head_json":{"title":"Pages - RY","robots":{"index":"index","follow":"follow","max-snippet":"max-snippet:-1","max-image-preview":"max-image-preview:large","max-video-preview":"max-video-preview:-1"},"canonical":"https:\/\/ry.com.tr\/index.php\/pages\/","og_locale":"tr_TR","og_type":"article","og_title":"Pages - RY","og_description":"One of my friends owns a meal prep delivery service called Bite that ships over 12,000 meals a week to hungry athletes, body builders, health nuts and busy young professionals. A few days back, he shared with me that his startup was currently in the midst of redesigning their website. At first, I wasn\u2019t too &hellip;","og_url":"https:\/\/ry.com.tr\/index.php\/pages\/","og_site_name":"RY","og_image":[{"url":"http:\/\/rarathemesdemo.com\/rara-business\/wp-content\/uploads\/sites\/52\/2018\/05\/wood-house-window-glass-green-color-1409022-pxhere.com1_-300x267.jpg"}],"twitter_card":"summary_large_image","twitter_misc":{"Tahmini okuma s\u00fcresi":"6 dakika"},"schema":{"@context":"https:\/\/schema.org","@graph":[{"@type":"WebSite","@id":"https:\/\/ry.com.tr\/#website","url":"https:\/\/ry.com.tr\/","name":"RY","description":"Uluslararas\u0131 Ta\u015f\u0131mac\u0131l\u0131k &amp; D\u0131\u015f Ticaret","potentialAction":[{"@type":"SearchAction","target":{"@type":"EntryPoint","urlTemplate":"https:\/\/ry.com.tr\/?s={search_term_string}"},"query-input":"required name=search_term_string"}],"inLanguage":"tr"},{"@type":"ImageObject","inLanguage":"tr","@id":"https:\/\/ry.com.tr\/index.php\/pages\/#primaryimage","url":"https:\/\/ry.com.tr\/wp-content\/uploads\/2018\/05\/season-1985856_192011.jpg","contentUrl":"https:\/\/ry.com.tr\/wp-content\/uploads\/2018\/05\/season-1985856_192011.jpg","width":1920,"height":1373},{"@type":"WebPage","@id":"https:\/\/ry.com.tr\/index.php\/pages\/#webpage","url":"https:\/\/ry.com.tr\/index.php\/pages\/","name":"Pages - RY","isPartOf":{"@id":"https:\/\/ry.com.tr\/#website"},"primaryImageOfPage":{"@id":"https:\/\/ry.com.tr\/index.php\/pages\/#primaryimage"},"datePublished":"2018-05-01T10:00:50+00:00","dateModified":"2018-05-01T10:00:50+00:00","breadcrumb":{"@id":"https:\/\/ry.com.tr\/index.php\/pages\/#breadcrumb"},"inLanguage":"tr","potentialAction":[{"@type":"ReadAction","target":["https:\/\/ry.com.tr\/index.php\/pages\/"]}]},{"@type":"BreadcrumbList","@id":"https:\/\/ry.com.tr\/index.php\/pages\/#breadcrumb","itemListElement":[{"@type":"ListItem","position":1,"name":"Anasayfa","item":"https:\/\/ry.com.tr\/"},{"@type":"ListItem","position":2,"name":"Pages"}]}]}},"_links":{"self":[{"href":"https:\/\/ry.com.tr\/index.php\/wp-json\/wp\/v2\/pages\/215","targetHints":{"allow":["GET"]}}],"collection":[{"href":"https:\/\/ry.com.tr\/index.php\/wp-json\/wp\/v2\/pages"}],"about":[{"href":"https:\/\/ry.com.tr\/index.php\/wp-json\/wp\/v2\/types\/page"}],"author":[{"embeddable":true,"href":"https:\/\/ry.com.tr\/index.php\/wp-json\/wp\/v2\/users\/1"}],"replies":[{"embeddable":true,"href":"https:\/\/ry.com.tr\/index.php\/wp-json\/wp\/v2\/comments?post=215"}],"version-history":[{"count":0,"href":"https:\/\/ry.com.tr\/index.php\/wp-json\/wp\/v2\/pages\/215\/revisions"}],"wp:featuredmedia":[{"embeddable":true,"href":"https:\/\/ry.com.tr\/index.php\/wp-json\/wp\/v2\/media\/191"}],"wp:attachment":[{"href":"https:\/\/ry.com.tr\/index.php\/wp-json\/wp\/v2\/media?parent=215"}],"curies":[{"name":"wp","href":"https:\/\/api.w.org\/{rel}","templated":true}]}}